 the highest common factor of 180 and c.
20
Let i(l) = l**3 - 8*l**2 - 13*l - 13. Let z be i(10). What is the highest common factor of z and 171?
57
Suppose 2*h = -5*r + 30, 3*r - 10 = -4*h + 8. Calculate the greatest common factor of 33 and r.
3
Suppose -3*o - k = -690, -2*o + 105 + 355 = -3*k. What is the highest common divisor of 10 and o?
10
Suppose 9*y - 5*y = -4*p + 44, 35 = 5*y - 5*p. Let j = -2 - -4. Suppose -j = -3*q + 7. What is the greatest common factor of q and y?
3
Let y = 177 + -119. Calculate the greatest common factor of 261 and y.
29
Let l be (-90)/4*(-2)/3. Let c be 699/l - (-2)/5. Suppose -4*a + 31 = -5*u, 0*a + 3*a + u - c = 0. What is the highest common factor of a and 28?
14
Let y be ((-57)/4)/(15/60). Let j be (-5 + 2)/(-3) - (y + 2). What is the highest common factor of j and 140?
28
Let i(l) = -l**2 + 26*l - 21. Let d be i(25). Let m(j) = j**2 + 3*j - 13. Let g be m(d). Calculate the greatest common divisor of g and 300.
15
Suppose -5*d + 3*g + 72 = 0, -6*d + d - 3*g = -78. Calculate the highest common divisor of 15 and d.
15
Let t be (-1)/(-1) + (4 - (-4)/(-4)). Suppose -i + 2*i - 45 = -t*f, 0 = 4*f + 5*i - 49. Calculate the highest common divisor of 88 and f.
11
Let l be (-1)/(((-20)/5)/12). Let y be (-123)/6 + (-2)/4. Let d be (20/(-14))/(l/y). Calculate the greatest common factor of 30 and d.
10
Suppose -7*x = -81 - 360. Calculate the greatest common divisor of x and 315.
63
Let a(m) = -7*m + 10*m + 27 - 97 + 8*m. Let j be a(14). What is the highest common divisor of 28 and j?
28
Let q be -2 + 2 + 25 + 3 + 4. Suppose 7 + 9 = i. What is the greatest common divisor of i and q?
16
Let g(x) = -x + 7. Let t be g(4). Suppose 9 + 51 = -3*m. Let w = m + 53. What is the highest common factor of t and w?
3
Let z = 129 - 81. Calculate the greatest common divisor of 4 and z.
4
Suppose 5*x + 3*z = 34, -81*z - 17 = -x - 85*z. Let w = 17 - 8. Suppose -3*t + w = -96. Calculate the highest common divisor of t and x.
5
Let d be (-1 + 0)*(-21 - 5). Suppose -6*t = -94 - d. Calculate the greatest common divisor of t and 30.
10
Suppose 0 = -x + j + 11, -5*j = -x + 6 + 13. What is the greatest common factor of x and 90?
9
Suppose -2*p + 2*w = -0*w - 44, 3*w + 112 = 5*p. What is the greatest common factor of 92 and p?
23
Let x(q) = -q**2 - 1. Let w(u) = -2*u**3 + u**2 - 2*u - 9. Let p(l) = -w(l) + 2*x(l). Let i be p(3). Calculate the highest common divisor of i and 160.
40
Suppose -p + 7*v - 2*v + 126 = 0, p - v = 126. Suppose -3*d + 189 = 5*q, 2*d = 4*q - q + p. Calculate the greatest common divisor of 18 and d.
9
Suppose -3*f = 3, -4*r + 5*f = 3*f - 62. What is the greatest common factor of r and 345?
15
Let i = 409 + -361. Suppose 0 = l - 4*l. Suppose -2*m + i + 56 = l. What is the highest common factor of m and 26?
26
Let v = 30 + -24. Let u be (-4)/v - 420/(-36). Calculate the highest common divisor of u and 99.
11
Suppose 3*u = 3*a - 99, 0 = 2*a + 4*u + 10 - 94. Calculate the greatest common divisor of a and 24.
12
Let q(z) = 129*z + 2. Let y be q(2). Suppose 3*f - y = f. Suppose 35 = -4*d + 7*d - j, -4*j = -5*d + 49. What is the highest common factor of d and f?
13
Let t = 47 - 2. Suppose -p + t = 4*p. Let s(n) = -n**3 + 10*n**2 - 8*n - 3. Let j be s(p). What is the highest common divisor of j and 6?
6
Let b = -809 + 821. Let r(m) = 8*m**2 - 2*m + 1. Let v be r(7). Suppose -5*t + 368 = -3*d - 115, -v = -4*t - 5*d. What is the greatest common factor of t and b?
12
Let g be 20/(-15) + 39/9. Suppose -2*u + 5*m + 45 = 0, 4*u - m - 60 = g*m. Calculate the greatest common factor of u and 2.
2
Let q(r) = 2*r**2 - 2*r + 63. Let l be q(0). Suppose 58*c = l*c - 500. Calculate the greatest common factor of 25 and c.
25
Let z be (-43)/(-2) + (10/(-4) - -2). Let u(y) = -y**2 + 27. Let o be u(0). Let s = o - 13. Calculate the greatest common divisor of z and s.
7
Suppose -7 = 8*f - 7. Suppose -5*j = b - 21, 0 = -j - f + 3. What is the highest common divisor of 6 and b?
6
Suppose 10 = k - z, -4*z + 0 - 28 = -2*k. Suppose -10*h + 360 = -k*h. Calculate the greatest common divisor of h and 36.
18
Suppose 0 = -2*n - 2*m + 3 - 1, 3*m = 3*n - 9. Suppose -3*z + n = -19. Calculate the greatest common divisor of z and 63.
7
Suppose 5*k = 3*f - 487, 10*k + 641 = 4*f + 5*k. Suppose -12*o + 134 + f = 0. Suppose 0 = h - 2*h + 60. What is the greatest common divisor of h and o?
12
Suppose 2*u - 261 = u. Let x = -11 - -15. Suppose -8*n + 128 = -x*n - 3*a, 2*n + 3*a = 46. What is the greatest common factor of u and n?
29
Let g(d) = 2*d**2 + 62*d + 224. Let o be g(-27). Calculate the highest common factor of o and 216.
8
Suppose -51 = 16*i - 15*i. Let g = 65 + i. Suppose 392 = 4*a + f, -2*f = -0*f. What is the highest common factor of a and g?
14
Suppose -478 = -3*h - 2*q, 5*q + 0 = -5. Let k(y) = -h*y + 161*y - 4 - 2. Let p be k(10). What is the greatest common divisor of 32 and p?
4
Suppose -3*o + 5*d + 156 = 0, -4*o - 9*d + 208 = -5*d. What is the greatest common factor of 364 and o?
52
Let p = 123 - 78. What is the highest common factor of p and 240?
15
Let n = 3 + 1. Let g(u) = 4*u - 2. Let b be g(n). Let o = 760 + -690. What is the highest common factor of o and b?
14
Let u(w) = -w**3 + 52*w**2 + 57*w - 155. Let p be u(53). What is the greatest common divisor of 513 and p?
57
Let n = -140 - -266. Let w(f) = -f**3 + 13*f**2 - 38*f - 14. Let p be w(7). What is the greatest common divisor of n and p?
14
Let c = 3 + -4. Let p(r) = 109*r**2 - 1. Let q be p(c). Calculate the greatest common factor of q and 12.
12
Suppose -3*b + 4*b - 138 = 0. Let y be (-8)/14 - b/(-21). Suppose y*g = 10 + 2. Calculate the greatest common factor of 6 and g.
2
Let w(o) = 2*o - 14. Let u be w(7). Suppose -8*t + 12*t - 128 = u. Calculate the greatest common divisor of t and 4.
4
Suppose -10*d + 125 = -185. What is the highest common factor of 124 and d?
31
Suppose 4 = 4*i, -2*r + 164 = 2*r + 4*i. Let n = 82 + -50. Suppose z - 5*z = -n. Calculate the highest common factor of r and z.
8
Let a = 1222 - 1185. What is the greatest common factor of a and 1184?
37
Let q(h) = h**3 + 10*h**2 - 20*h + 19. Let a be q(-9). Calculate the greatest common divisor of a and 80.
40
Suppose -98 = -2*k - 38. What is the greatest common divisor of 42 and k?
6
Let t(i) = 10*i - 1240. Let m be t(126). Let o = -7 - -12. Suppose -p = -4*s - 38, o*s = -0*s - 10. Calculate the greatest common divisor of m and p.
10
Let k(a) = 37*a - 60. Let w be k(8). What is the greatest common divisor of w and 4?
4
Let y(o) = -49*o. Let u be y(-1). Let d be 21/((-20)/((-140)/3)). What is the greatest common divisor of u and d?
49
Let u = -841 + 851. What is the highest common divisor of 180 and u?
10
Suppose -14*d = -10*d. Suppose -b - 36 = 2*x, 2*b + d*x + 71 = -5*x. Let n = b - -106. Calculate the greatest common divisor of 17 and n.
17
Suppose -3*f - 195 = -3*z, -20 = -6*f + 10*f. What is the highest common factor of z and 300?
60
Let l(j) = 3*j + 27. Let o be l(5). What is the greatest common factor of o and 105?
21
Suppose -b + 14 = -j, 5*b + 3*j = b + 63. Let z = -16 - -16. Let y be 102/b*(z + 5). What is the highest common divisor of 17 and y?
17
Let g(p) = -7*p**3 - 3*p**2 - 4*p - 2. Let o be g(-1). Suppose -2*d + o*d = 84. Calculate the greatest common factor of 168 and d.
21
Suppose 4*j = 317 - 5. Let c = -53 + j. Let p = c - 7. What is the greatest common factor of 18 and p?
18
Suppose 107 = 3*x + 8. Suppose -5*j - 10 + 2 = -4*t, 0 = j. Suppose -t*c + r + 7 = 0, c + c + 4*r = 2. What is the highest common factor of x and c?
3
Suppose 3*u - 90 = 87. What is the greatest common divisor of u and 295?
59
Let q = -19 + 24. Suppose -r + 15 = -q. Let a = -13 + r. Calculate the highest common factor of a and 14.
7
Suppose 0 = -18*g + 9719 - 2969. Calculate the greatest common factor of g and 300.
75
Let k be (-16512)/(-552) - 4/(-46). Calculate the highest common divisor of 330 and k.
30
Let b = -12 - -22. Suppose b*j + 2 = 422. Suppose 7 = v + 1. What is the highest common divisor of v and j?
6
Let b(m) = -m**2 + 18*m - 49. Let d be b(11). What is the highest common divisor of d and 172?
4
Suppose -70*a + 600 + 380 = 0. What is the greatest common factor of a and 10?
2
Let y(s) = -178*s + 17. Let l be y(0). Calcula